{"id":39,"date":"2016-04-01T15:11:45","date_gmt":"2016-04-01T13:11:45","guid":{"rendered":"http:\/\/vieagrenoble.fr\/?page_id=39"},"modified":"2016-04-19T16:57:45","modified_gmt":"2016-04-19T14:57:45","slug":"les-liens-grenoblois","status":"publish","type":"page","link":"https:\/\/vieagrenoble.fr\/index.php\/les-liens-grenoblois\/","title":{"rendered":"Les liens Grenoblois"},"content":{"rendered":"<p>Une\u00a0liste des sites web Grenoblois pour s&rsquo;informer et construire. N&rsquo;h\u00e9sitez pas \u00e0 <a href=\"http:\/\/vieagrenoble.fr\/index.php\/contact\/\" target=\"_blank\">me contacter<\/a> pour une mise \u00e0 jour.<\/p>\n<h2>Sites institutionnels<\/h2>\n<ul>\n<li><a href=\"http:\/\/www.grenoble.fr\/\" target=\"_blank\">Ville de Grenoble<\/a><\/li>\n<li><a href=\"http:\/\/www.lametro.fr\/\" target=\"_blank\">La M\u00e9tro<\/a><\/li>\n<li><a href=\"http:\/\/www.grenoble-tourisme.com\/fr\/\" target=\"_blank\">Tourisme Grenoble<\/a><\/li>\n<\/ul>\n<h2>Les associations et collectifs<\/h2>\n<ul>\n<li><a href=\"http:\/\/unionquartiercbch.blogspot.fr\/\" target=\"_blank\">UQ Championnet, De Bonne, Condorcet, Hoche\u00a0<\/a><\/li>\n<li><a href=\"http:\/\/www.notredame-grenoble.org\/\" target=\"_blank\">UQ Notre-Dame<\/a><\/li>\n<li><a href=\"http:\/\/www.vivreagrenoble.fr\/\" target=\"_blank\">Vivre \u00e0 Grenoble<\/a><\/li>\n<li><a href=\"http:\/\/www.ptitvelo.net\/\" target=\"_blank\">Un p&rsquo;tit v\u00e9lo dans la t\u00eate<\/a><\/li>\n<li><a href=\"http:\/\/www.adtc-grenoble.org\/\" target=\"_blank\">ADTC Grenoble<\/a><\/li>\n<li><a href=\"http:\/\/www.ruelakanal.com\/\" target=\"_blank\">Rue Lakanal<\/a><\/li>\n<li><a href=\"http:\/\/uqiv.free.fr\/\" target=\"_blank\">UQ l&rsquo;Ile Verte<\/a><\/li>\n<li><a href=\"http:\/\/associationpourgrenoble.com\/\" target=\"_blank\">Pour Grenoble<\/a><\/li>\n<\/ul>\n<h2>Les m\u00e9dias et r\u00e9seaux sociaux<\/h2>\n<ul>\n<li><a href=\"http:\/\/www.placegrenet.fr\/\" target=\"_blank\">Place Gre&rsquo;net<\/a><\/li>\n<li><a href=\"http:\/\/particite.fr\/\" target=\"_blank\">Particit\u00e9<\/a><\/li>\n<li><a href=\"http:\/\/lesantennes.wix.com\/les-antennes\" target=\"_blank\">Les Antennes<\/a><\/li>\n<li><a href=\"https:\/\/www.facebook.com\/Grenoble-montagne-186384064734866\/\" target=\"_blank\">Grenoble Montagne<\/a><\/li>\n<li><a href=\"https:\/\/twitter.com\/GreNews_CLN\" target=\"_blank\">GreNews<\/a><\/li>\n<li><a href=\"https:\/\/twitter.com\/PETITBULLETIN\" target=\"_blank\">Petit Bulletin<\/a><\/li>\n<li><a href=\"http:\/\/webcamsgrenoble.blogspot.com\/\" target=\"_blank\">Webcams autour de Grenoble<\/a><\/li>\n<li><a href=\"http:\/\/www.rue89lyon.fr\/category\/blogs\/grenoble-sous-loupe\/\" target=\"_blank\">Grenoble sous ma loupe<\/a><\/li>\n<\/ul>\n<h2>Les\u00a0blogs Grenoblois<\/h2>\n<ul>\n<li><a href=\"http:\/\/artichautetcerisenoire.fr\/\" target=\"_blank\">Artichaut et cerise noire<\/a><\/li>\n<li><a href=\"https:\/\/padlezzar.com\/\" target=\"_blank\">Padlezzar<\/a><\/li>\n<li><a href=\"http:\/\/gremuni.fr\/\" target=\"_blank\">Gremuni<\/a><\/li>\n<\/ul>\n","protected":false},"excerpt":{"rendered":"<p>Une\u00a0liste des sites web Grenoblois pour s&rsquo;informer et construire. N&rsquo;h\u00e9sitez pas \u00e0 me contacter pour une mise \u00e0 jour. Sites institutionnels Ville de Grenoble La M\u00e9tro Tourisme Grenoble Les associations et collectifs UQ Championnet, De[&#8230;]<\/p>\n","protected":false},"author":2,"featured_media":0,"parent":0,"menu_order":0,"comment_status":"closed","ping_status":"closed","template":"","meta":{"_exactmetrics_skip_tracking":false,"_exactmetrics_sitenote_active":false,"_exactmetrics_sitenote_note":"","_exactmetrics_sitenote_category":0,"footnotes":""},"class_list":["post-39","page","type-page","status-publish","hentry"],"yoast_head":"<!-- This site is optimized with the Yoast SEO plugin v26.8 - https:\/\/yoast.com\/product\/yoast-seo-wordpress\/ -->\n<title>Les liens Grenoblois - Vie \u00e0 Grenoble<\/title>\n<meta name=\"robots\" content=\"index, follow, max-snippet:-1, max-image-preview:large, max-video-preview:-1\" \/>\n<link rel=\"canonical\" href=\"https:\/\/vieagrenoble.fr\/index.php\/les-liens-grenoblois\/\" \/>\n<meta property=\"og:locale\" content=\"fr_FR\" \/>\n<meta property=\"og:type\" content=\"article\" \/>\n<meta property=\"og:title\" content=\"Les liens Grenoblois - Vie \u00e0 Grenoble\" \/>\n<meta property=\"og:description\" content=\"Une\u00a0liste des sites web Grenoblois pour s&rsquo;informer et construire. N&rsquo;h\u00e9sitez pas \u00e0 me contacter pour une mise \u00e0 jour. Sites institutionnels Ville de Grenoble La M\u00e9tro Tourisme Grenoble Les associations et collectifs UQ Championnet, De[...]\" \/>\n<meta property=\"og:url\" content=\"https:\/\/vieagrenoble.fr\/index.php\/les-liens-grenoblois\/\" \/>\n<meta property=\"og:site_name\" content=\"Vie \u00e0 Grenoble\" \/>\n<meta property=\"article:modified_time\" content=\"2016-04-19T14:57:45+00:00\" \/>\n<meta name=\"twitter:card\" content=\"summary_large_image\" \/>\n<script type=\"application\/ld+json\" class=\"yoast-schema-graph\">{\"@context\":\"https:\/\/schema.org\",\"@graph\":[{\"@type\":\"WebPage\",\"@id\":\"https:\/\/vieagrenoble.fr\/index.php\/les-liens-grenoblois\/\",\"url\":\"https:\/\/vieagrenoble.fr\/index.php\/les-liens-grenoblois\/\",\"name\":\"Les liens Grenoblois - Vie \u00e0 Grenoble\",\"isPartOf\":{\"@id\":\"https:\/\/vieagrenoble.fr\/#website\"},\"datePublished\":\"2016-04-01T13:11:45+00:00\",\"dateModified\":\"2016-04-19T14:57:45+00:00\",\"breadcrumb\":{\"@id\":\"https:\/\/vieagrenoble.fr\/index.php\/les-liens-grenoblois\/#breadcrumb\"},\"inLanguage\":\"fr-FR\",\"potentialAction\":[{\"@type\":\"ReadAction\",\"target\":[\"https:\/\/vieagrenoble.fr\/index.php\/les-liens-grenoblois\/\"]}]},{\"@type\":\"BreadcrumbList\",\"@id\":\"https:\/\/vieagrenoble.fr\/index.php\/les-liens-grenoblois\/#breadcrumb\",\"itemListElement\":[{\"@type\":\"ListItem\",\"position\":1,\"name\":\"Accueil\",\"item\":\"https:\/\/vieagrenoble.fr\/\"},{\"@type\":\"ListItem\",\"position\":2,\"name\":\"Les liens Grenoblois\"}]},{\"@type\":\"WebSite\",\"@id\":\"https:\/\/vieagrenoble.fr\/#website\",\"url\":\"https:\/\/vieagrenoble.fr\/\",\"name\":\"Vie \u00e0 Grenoble\",\"description\":\"Partageons les bonnes vibrations\",\"publisher\":{\"@id\":\"https:\/\/vieagrenoble.fr\/#\/schema\/person\/797d1e0f926c2c9feaf65d24dd778967\"},\"potentialAction\":[{\"@type\":\"SearchAction\",\"target\":{\"@type\":\"EntryPoint\",\"urlTemplate\":\"https:\/\/vieagrenoble.fr\/?s={search_term_string}\"},\"query-input\":{\"@type\":\"PropertyValueSpecification\",\"valueRequired\":true,\"valueName\":\"search_term_string\"}}],\"inLanguage\":\"fr-FR\"},{\"@type\":[\"Person\",\"Organization\"],\"@id\":\"https:\/\/vieagrenoble.fr\/#\/schema\/person\/797d1e0f926c2c9feaf65d24dd778967\",\"name\":\"Vie \u00e0 Grenoble\",\"image\":{\"@type\":\"ImageObject\",\"inLanguage\":\"fr-FR\",\"@id\":\"https:\/\/vieagrenoble.fr\/#\/schema\/person\/image\/\",\"url\":\"https:\/\/vieagrenoble.fr\/wp-content\/uploads\/2017\/11\/VieAGrenoble.png\",\"contentUrl\":\"https:\/\/vieagrenoble.fr\/wp-content\/uploads\/2017\/11\/VieAGrenoble.png\",\"width\":100,\"height\":100,\"caption\":\"Vie \u00e0 Grenoble\"},\"logo\":{\"@id\":\"https:\/\/vieagrenoble.fr\/#\/schema\/person\/image\/\"},\"sameAs\":[\"http:\/\/vieagrenoble.fr\/\"]}]}<\/script>\n<!-- \/ Yoast SEO plugin. -->","yoast_head_json":{"title":"Les liens Grenoblois - Vie \u00e0 Grenoble","robots":{"index":"index","follow":"follow","max-snippet":"max-snippet:-1","max-image-preview":"max-image-preview:large","max-video-preview":"max-video-preview:-1"},"canonical":"https:\/\/vieagrenoble.fr\/index.php\/les-liens-grenoblois\/","og_locale":"fr_FR","og_type":"article","og_title":"Les liens Grenoblois - Vie \u00e0 Grenoble","og_description":"Une\u00a0liste des sites web Grenoblois pour s&rsquo;informer et construire. N&rsquo;h\u00e9sitez pas \u00e0 me contacter pour une mise \u00e0 jour. Sites institutionnels Ville de Grenoble La M\u00e9tro Tourisme Grenoble Les associations et collectifs UQ Championnet, De[...]","og_url":"https:\/\/vieagrenoble.fr\/index.php\/les-liens-grenoblois\/","og_site_name":"Vie \u00e0 Grenoble","article_modified_time":"2016-04-19T14:57:45+00:00","twitter_card":"summary_large_image","schema":{"@context":"https:\/\/schema.org","@graph":[{"@type":"WebPage","@id":"https:\/\/vieagrenoble.fr\/index.php\/les-liens-grenoblois\/","url":"https:\/\/vieagrenoble.fr\/index.php\/les-liens-grenoblois\/","name":"Les liens Grenoblois - Vie \u00e0 Grenoble","isPartOf":{"@id":"https:\/\/vieagrenoble.fr\/#website"},"datePublished":"2016-04-01T13:11:45+00:00","dateModified":"2016-04-19T14:57:45+00:00","breadcrumb":{"@id":"https:\/\/vieagrenoble.fr\/index.php\/les-liens-grenoblois\/#breadcrumb"},"inLanguage":"fr-FR","potentialAction":[{"@type":"ReadAction","target":["https:\/\/vieagrenoble.fr\/index.php\/les-liens-grenoblois\/"]}]},{"@type":"BreadcrumbList","@id":"https:\/\/vieagrenoble.fr\/index.php\/les-liens-grenoblois\/#breadcrumb","itemListElement":[{"@type":"ListItem","position":1,"name":"Accueil","item":"https:\/\/vieagrenoble.fr\/"},{"@type":"ListItem","position":2,"name":"Les liens Grenoblois"}]},{"@type":"WebSite","@id":"https:\/\/vieagrenoble.fr\/#website","url":"https:\/\/vieagrenoble.fr\/","name":"Vie \u00e0 Grenoble","description":"Partageons les bonnes vibrations","publisher":{"@id":"https:\/\/vieagrenoble.fr\/#\/schema\/person\/797d1e0f926c2c9feaf65d24dd778967"},"potentialAction":[{"@type":"SearchAction","target":{"@type":"EntryPoint","urlTemplate":"https:\/\/vieagrenoble.fr\/?s={search_term_string}"},"query-input":{"@type":"PropertyValueSpecification","valueRequired":true,"valueName":"search_term_string"}}],"inLanguage":"fr-FR"},{"@type":["Person","Organization"],"@id":"https:\/\/vieagrenoble.fr\/#\/schema\/person\/797d1e0f926c2c9feaf65d24dd778967","name":"Vie \u00e0 Grenoble","image":{"@type":"ImageObject","inLanguage":"fr-FR","@id":"https:\/\/vieagrenoble.fr\/#\/schema\/person\/image\/","url":"https:\/\/vieagrenoble.fr\/wp-content\/uploads\/2017\/11\/VieAGrenoble.png","contentUrl":"https:\/\/vieagrenoble.fr\/wp-content\/uploads\/2017\/11\/VieAGrenoble.png","width":100,"height":100,"caption":"Vie \u00e0 Grenoble"},"logo":{"@id":"https:\/\/vieagrenoble.fr\/#\/schema\/person\/image\/"},"sameAs":["http:\/\/vieagrenoble.fr\/"]}]}},"_links":{"self":[{"href":"https:\/\/vieagrenoble.fr\/index.php\/wp-json\/wp\/v2\/pages\/39","targetHints":{"allow":["GET"]}}],"collection":[{"href":"https:\/\/vieagrenoble.fr\/index.php\/wp-json\/wp\/v2\/pages"}],"about":[{"href":"https:\/\/vieagrenoble.fr\/index.php\/wp-json\/wp\/v2\/types\/page"}],"author":[{"embeddable":true,"href":"https:\/\/vieagrenoble.fr\/index.php\/wp-json\/wp\/v2\/users\/2"}],"replies":[{"embeddable":true,"href":"https:\/\/vieagrenoble.fr\/index.php\/wp-json\/wp\/v2\/comments?post=39"}],"version-history":[{"count":11,"href":"https:\/\/vieagrenoble.fr\/index.php\/wp-json\/wp\/v2\/pages\/39\/revisions"}],"predecessor-version":[{"id":110,"href":"https:\/\/vieagrenoble.fr\/index.php\/wp-json\/wp\/v2\/pages\/39\/revisions\/110"}],"wp:attachment":[{"href":"https:\/\/vieagrenoble.fr\/index.php\/wp-json\/wp\/v2\/media?parent=39"}],"curies":[{"name":"wp","href":"https:\/\/api.w.org\/{rel}","templated":true}]}}